ens digit of 22524?
2
What is the tens digit of 43479?
7
What is the hundreds digit of 4840?
8
What is the units digit of 29275?
5
What is the thousands digit of 4798?
4
What is the tens digit of 58?
5
What is the hundreds digit of 7011?
0
What is the thousands digit of 165645?
5
What is the thousands digit of 1928?
1
What is the tens digit of 266?
6
What is the tens digit of 305?
0
What is the hundreds digit of 9987?
9
What is the tens digit of 826?
2
What is the units digit of 2594?
4
What is the thousands digit of 3232?
3
What is the units digit of 1265?
5
What is the thousands digit of 28231?
8
What is the tens digit of 296?
9
What is the units digit of 1745?
5
What is the thousands digit of 109150?
9
What is the units digit of 3002?
2
What is the tens digit of 16625?
2
What is the thousands digit of 9996?
9
What is the hundred thousands digit of 149790?
1
What is the tens digit of 13719?
1
What is the tens digit of 2548?
4
What is the units digit of 143?
3
What is the thousands digit of 6893?
6
What is the hundreds digit of 44991?
9
What is the units digit of 1931?
1
What is the hundreds digit of 9746?
7
What is the tens digit of 10916?
1
What is the units digit of 76847?
7
What is the units digit of 2915?
5
What is the hundreds digit of 1920?
9
What is the hundreds digit of 1079?
0
What is the thousands digit of 1752?
1
What is the ten thousands digit of 34623?
3
What is the units digit of 4442?
2
What is the units digit of 26021?
1
What is the thousands digit of 27041?
7
What is the thousands digit of 25556?
5
What is the hundreds digit of 10157?
1
What is the tens digit of 3137?
3
What is the hundreds digit of 3433?
4
What is the hundreds digit of 14012?
0
What is the hundreds digit of 864?
8
What is the units digit of 11137?
7
What is the tens digit of 61540?
4
What is the thousands digit of 25151?
5
What is the hundreds digit of 277?
2
What is the tens digit of 27150?
5
What is the hundreds digit of 1637?
6
What is the units digit of 44017?
7
What is the thousands digit of 17595?
7
What is the hundreds digit of 1817?
8
What is the units digit of 2546?
6
What is the ten thousands digit of 82648?
8
What is the tens digit of 85640?
4
What is the units digit of 888?
8
What is the tens digit of 73720?
2
What is the hundreds digit of 85184?
1
What is the thousands digit of 1387?
1
What is the units digit of 18017?
7
What is the hundreds digit of 1373?
3
What is the units digit of 26458?
8
What is the thousands digit of 2722?
2
What is the hundreds digit of 5330?
3
What is the units digit of 1414?
4
What is the hundreds digit of 1410?
4
What is the units digit of 1093?
3
What is the hundreds digit of 24357?
3
What is the units digit of 35939?
9
What is the hundreds digit of 28870?
8
What is the hundreds digit of 925?
9
What is the thousands digit of 1036?
1
What is the thousands digit of 54403?
4
What is the tens digit of 9079?
7
What is the thousands digit of 24286?
4
What is the thousands digit of 3791?
3
What is the tens digit of 518?
1
What is the hundreds digit of 50423?
4
What is the ten thousands digit of 36057?
3
What is the hundreds digit of 340?
3
What is the tens digit of 3754?
5
What is the units digit of 3865?
5
What is the thousands digit of 143908?
3
What is the tens digit of 17509?
0
What is the units digit of 828?
8
What is the hundreds digit of 2483?
4
What is the thousands digit of 4620?
4
What is the thousands digit of 27508?
7
What is the units digit of 859?
9
What is the ten thousands digit of 61228?
6
What is the hundreds digit of 662?
6
What is the tens digit of 2753?
5
What is the ten thousands digit of 21467?
2
What is the thousands digit of 3489?
3
What is the units digit of 983?
3
What is the units digit of 1820?
0
What is the tens digit of 3895?
9
What is the tens digit of 10552?
5
What is the tens digit of 1394?
9
What is the tens digit of 612?
1
What is the hundreds digit of 4967?
9
What is the units digit of 2649?
9
What is the ten thousands digit of 91953?
9
What is the tens digit of 1695?
9
What is the hundreds digit of 24155?
1
What is the units digit of 289?
9
What is the hundreds digit of 3271?
2
What is the hundreds digit of 178616?
6
What is the ten thousands digit of 64737?
6
What is the units digit of 28?
8
What is the ten thousands digit of 106585?
0
What is the units digit of 5155?
5
What is the units digit of 95574?
4
What is the units digit of 10712?
2
What is the thousands digit of 2419?
2
What is the tens digit of 1497?
9
What is the units digit of 597?
7
What is the thousands digit of 6741?
6
What is the ten thousands digit of 26941?
2
What is the thousands digit of 95699?
5
What is the units digit of 3204?
4
What is the thousands digit of 34512?
4
What is the hundreds digit of 1205?
2
What is the ten thousands digit of 18790?
1
What is the hundreds digit of 39777?
7
What is the units digit of 2556?
6
What is the tens digit of 1224?
2
What is the hundreds digit of 4180?
1
What is the hundreds digit of 4158?
1
What is the units digit of 3676?
6
What is the tens digit of 5414?
1
What is the tens digit of 21464?
6
What is the hundreds digit of 928?
9
What is the tens digit of 495?
9
What is the units digit of 1460?
0
What is the tens digit of 147339?
3
What is the hundreds digit of 12822?
8
What is the hundreds digit of 7164?
1
What is the tens digit of 906?
0
What is the units digit of 10923?
3
What is the tens digit of 9880?
8
What is the units digit of 87?
7
What is the tens digit of 4879?
7
What is the thousands digit of 55091?
5
What is the thousands digit of 4685?
4
What is the tens digit of 3652?
5
What is the thousands digit of 3927?
3
What is the units digit of 1795?
5
What is the tens digit of 29063?
6
What is the units digit of 32044?
4
What is the units digit of 6814?
4
What is the hundreds digit of 857?
8
What is the thousands digit of 34447?
4
What is the units digit of 308?
8
What is the units digit of 4146?
6
What is the tens digit of 362?
6
What is the thousands digit of 1988?
1
What is the hundreds digit of 70333?
3
What is the thousands digit of 2629?
2
What is the units digit of 58538?
8
What is the tens digit of 303?
0
What is the hundreds digit of 6018?
0
What is the tens digit of 1030?
3
What is the hundreds digit of 1108?
1
What is the tens digit of 26506?
0
What is the thousands digit of 38374?
8
What is the tens digit of 180715?
1
What is the units digit of 325?
5
What is the hundreds digit of 29823?
8
What is the units digit of 55?
5
What is the thousands digit of 1132?
1
What is the units digit of 75829?
9
What is the units digit of 7707?
7
What is the units digit of 275?
5
What is the tens digit of 2527?
2
What is the ten thousands digit of 120247?
2
What is the hundreds digit of 28149?
1
What is the thousands digit of 2388?
2
What is the hundreds digit of 11054?
0
What is the units digit of 92043?
3
What is the units digit of 868?
8
What is the tens digit of 3249?
4
What is the hundreds digit of 13124?
1
What is the ten thousands digit of 104653?
0
What is the units digit of 1249?
9
What is the tens digit of 378?
7
What is the hundreds digit of 1433?
4
What is the hundreds digit of 3323?
3
What is the tens digit of 374?
7
What is the tens digit of 372?
7
What is the tens digit of 3948?
4
What is the ten thousands digit of 19623?
1
What is the thousands digit of 72030?
2
What is the thousands digit of 25033?
5
What is the units digit of 245?
5
What is the hundreds digit of 610?
6
What is the units digit of 309?
9
What is the thousands digit of 12095?
2
What is the hundreds digit of 2120?
1
What is the tens digit of 6208?
0
What is the units digit of 14034?
4
What is the tens digit of 902?
0
What is the tens digit of 5394?
9
What is the units digit of 29719?
9
What is the tens digit of 31945?
4
What is the tens digit of 4785?
8
What is the tens digit of 16157?
5
What is the units digit of 423?
3
What is the units digit of 7255?
5
What is the units digit of 2030?
0
What is the tens digit of 44681?
8
What is the thousands digit of 88404?
8
What is the thousands digit of 19790?
9
What is the hundreds digit of 10909?
9
What is the units digit of 326?
6
What is the hundreds digit of 1972?
9
What is the tens digit of 1106?
0
What is the thousands digit of 58500?
8
What 